{"id":6702,"date":"2009-04-30T00:00:26","date_gmt":"2009-04-30T00:00:26","guid":{"rendered":"http:\/\/www.larrydance.com\/?post_type=product&#038;p=6702"},"modified":"2024-01-01T17:59:47","modified_gmt":"2024-01-01T15:59:47","slug":"el-paradigma-de-la-estulticia","status":"publish","type":"product","link":"https:\/\/larrydance.com\/tienda\/producto\/el-paradigma-de-la-estulticia\/","title":{"rendered":"El Paradigma de la Estulticia"},"content":{"rendered":"<p>Larry Dance y Pablo Acebal a.k.a. \u201cBlow\u201d, fundaron una banda llamada \u201cEl Reducto\u201d, tras conocerse en 2004. Empezaron a quedar y a componer temas y m\u00e1s temas, probando numerosos estilos y g\u00e9neros, hasta que decidieron rodear el rap que sab\u00eda hacer Larry con los estilos que controlaba Blow. La fusi\u00f3n de estilos dio resultados m\u00e1s que \u00f3ptimos, encajaron a la perfecci\u00f3n y siguieron experimentando.<\/p>\n<p>Decidieron escoger algunos temas y preparar un primer disco conjunto. Contaron con el apoyo de Jos\u00e9 Sendino de los Celtas Cortos durante un invierno, aportando software e ideas y visiones del sonido de algunos temas.<br \/>\nDespu\u00e9s, Larry Dance adquiri\u00f3 nuevos equipos y comenz\u00f3 con la grabaci\u00f3n y mezcla de los temas provisionales del disco hacia 2006. Blow creaba en su estudio las l\u00edneas y se las enviaba a Larry, quien hac\u00eda los arreglos finales del sonido.<\/p>\n<p>Surgir\u00eda as\u00ed un disco con tonos rap, pero con influencias de acid jazz, minimal, electro retro vintage sounds, ragga, flamenco, disco funk y otras muchas pinceladas, que lo convirtieron en un proyecto muy completo caracterizado por su libertad sonora. S\u00f3lo \u00e9stos dos apasionados de la m\u00fasica pod\u00edan hacer un \u00e1lbum as\u00ed de calmado y profundo, partiendo de letras crudas y de calle, con la meditaci\u00f3n y experiencia necesarias para llevarlo a cabo.<\/p>\n<p>El proyecto comenz\u00f3 en 2004, casi listo en 2006, se detuvo al romperse la banda de ambos artistas y, tras a\u00f1os de separaci\u00f3n, Larry decidi\u00f3 terminarlo y, tras consultar con Blow, la obra por fin vio la luz el 30 de Abril de 2009.<\/p>\n<p>La portada exterior fue dise\u00f1ada en 2006 por Larry Dance y la interior en 2009. El disco fue compuesto por Larry Dance y Blow entre 2004 y 2006. Y las voces fueron grabadas entre 2004 y 2009. La mezcla final y masterizado fueron realizados en Parda 13 Records por Larry Dance.<\/p>\n<p>Gracias por el apoyo a todos los que lo hicisteis posible, en especial a Sendino, Prol\u00edfiko y Suso, por su apoyo t\u00e9cnico en el estudio para las grabaciones.<\/p>\n","protected":false},"excerpt":{"rendered":"<p>Tracklist:<\/p>\n<p>01 \u00c1NGELES SIN CIELO<br \/>\n02 BILLETES<br \/>\n03 1000 GATOS MAULLANDO<br \/>\n04 LIR\u00d3N O INSOMNE<br \/>\n05 TRIP BALKANIKO<br \/>\n06 NO JUEGO AL PARCHIS<br \/>\n07 NO JUEGO AL PARCH\u00cdS<br \/>\n08 QUIERAS O NO<br \/>\n09 THE ARABIAN DREAM<\/p>\n","protected":false},"featured_media":6736,"comment_status":"open","ping_status":"closed","template":"","meta":[],"product_brand":[],"product_cat":[13],"product_tag":[],"class_list":{"0":"post-6702","1":"product","2":"type-product","3":"status-publish","4":"has-post-thumbnail","6":"product_cat-discos","8":"first","9":"instock","10":"product-type-external"},"_links":{"self":[{"href":"https:\/\/larrydance.com\/tienda\/wp-json\/wp\/v2\/product\/6702","targetHints":{"allow":["GET"]}}],"collection":[{"href":"https:\/\/larrydance.com\/tienda\/wp-json\/wp\/v2\/product"}],"about":[{"href":"https:\/\/larrydance.com\/tienda\/wp-json\/wp\/v2\/types\/product"}],"replies":[{"embeddable":true,"href":"https:\/\/larrydance.com\/tienda\/wp-json\/wp\/v2\/comments?post=6702"}],"wp:featuredmedia":[{"embeddable":true,"href":"https:\/\/larrydance.com\/tienda\/wp-json\/wp\/v2\/media\/6736"}],"wp:attachment":[{"href":"https:\/\/larrydance.com\/tienda\/wp-json\/wp\/v2\/media?parent=6702"}],"wp:term":[{"taxonomy":"product_brand","embeddable":true,"href":"https:\/\/larrydance.com\/tienda\/wp-json\/wp\/v2\/product_brand?post=6702"},{"taxonomy":"product_cat","embeddable":true,"href":"https:\/\/larrydance.com\/tienda\/wp-json\/wp\/v2\/product_cat?post=6702"},{"taxonomy":"product_tag","embeddable":true,"href":"https:\/\/larrydance.com\/tienda\/wp-json\/wp\/v2\/product_tag?post=6702"}],"curies":[{"name":"wp","href":"https:\/\/api.w.org\/{rel}","templated":true}]}}