{"id":6701,"date":"2009-12-05T00:00:59","date_gmt":"2009-12-05T00:00:59","guid":{"rendered":"http:\/\/www.larrydance.com\/?post_type=product&#038;p=6701"},"modified":"2024-01-01T17:59:58","modified_gmt":"2024-01-01T15:59:58","slug":"crisis-remedios-graves-y-agudos","status":"publish","type":"product","link":"https:\/\/larrydance.com\/tienda\/producto\/crisis-remedios-graves-y-agudos\/","title":{"rendered":"Crisis: Remedios Graves y Agudos"},"content":{"rendered":"<p>Compuesto entre 2008 y 2009, vio la luz finalmente el d\u00eda 5 de Diciembre de 2009. Comenz\u00f3 partiendo de los temas que se salvaron de la criba del \u00e1lbum Raptanasia. Larry conserv\u00f3 y a\u00f1adi\u00f3 muchas colaboraciones, procedentes de diversas nacionalidades, hasta formar este nuevo trabajo con una tem\u00e1tica relacionada con la crisis econ\u00f3mica mundial, desde el enfoque de un espa\u00f1ol medio, o s\u00e9ase, un experto en comerse marrones de los pol\u00edticos y de la sociedad borrega espa\u00f1ola que sigue el sendero del que vaya delante sin pensar.<\/p>\n<p>El t\u00edtulo del disco es un juego de palabras, relacionado con los ajustes que se pueden hacer en el sonido de un disco.<\/p>\n<p>La portada del disco es una cartilla bancaria en llamas, con fecha de operacion que indica cuando se grab\u00f3 la voz del tema, el concepto indicando el t\u00edtulo del tema a modo de operaci\u00f3n bancaria, el cargo\/abono nos dice la duraci\u00f3n del tema que se va restando a la casilla saldo y, por \u00faltimo, la fecha valor indica el c\u00f3digo postal del MC que colabora o de Larry Dance.<\/p>\n<p>As\u00ed, el \u00faltimo tema del disco deja la cuenta en n\u00fameros rojos, siendo el bonus track un ingreso que deja la cuenta en positivo, salv\u00e1ndonos de la crisis.<\/p>\n<p>Con este disco Larry har\u00eda una gira de conciertos muy acorde con la realidad social de aquel tiempo, por lo que tuvo muy buena acogida entre el p\u00fablico.<\/p>\n","protected":false},"excerpt":{"rendered":"<p>Tracklist:<\/p>\n<p>01 DEMENCIA<br \/>\n02 CRISIS: REMEDIOS GRAVES Y AGUDOS<br \/>\n03 D\u00cdAS DE OSCURIDAD<br \/>\n04 LLEGA MI CANCI\u00d3N<br \/>\n05 CIERRA EL PICO<br \/>\n06 DJ SAVED MY LIFE<br \/>\n07 LENTO PERO CONTENTO<br \/>\n08 EL \u00daLTIMO HUMANO<br \/>\n09 PENSAMIENTOS<br \/>\n10 I LOVE YOU<br \/>\n11 PREVISTOS<br \/>\n12 SUERTE<br \/>\n13 EL FIN DEL MUNDO<br \/>\n14 BONUS: SOBREVIVIR<\/p>\n","protected":false},"featured_media":6735,"comment_status":"open","ping_status":"closed","template":"","meta":[],"product_brand":[],"product_cat":[13],"product_tag":[],"class_list":{"0":"post-6701","1":"product","2":"type-product","3":"status-publish","4":"has-post-thumbnail","6":"product_cat-discos","8":"first","9":"instock","10":"product-type-external"},"_links":{"self":[{"href":"https:\/\/larrydance.com\/tienda\/wp-json\/wp\/v2\/product\/6701","targetHints":{"allow":["GET"]}}],"collection":[{"href":"https:\/\/larrydance.com\/tienda\/wp-json\/wp\/v2\/product"}],"about":[{"href":"https:\/\/larrydance.com\/tienda\/wp-json\/wp\/v2\/types\/product"}],"replies":[{"embeddable":true,"href":"https:\/\/larrydance.com\/tienda\/wp-json\/wp\/v2\/comments?post=6701"}],"wp:featuredmedia":[{"embeddable":true,"href":"https:\/\/larrydance.com\/tienda\/wp-json\/wp\/v2\/media\/6735"}],"wp:attachment":[{"href":"https:\/\/larrydance.com\/tienda\/wp-json\/wp\/v2\/media?parent=6701"}],"wp:term":[{"taxonomy":"product_brand","embeddable":true,"href":"https:\/\/larrydance.com\/tienda\/wp-json\/wp\/v2\/product_brand?post=6701"},{"taxonomy":"product_cat","embeddable":true,"href":"https:\/\/larrydance.com\/tienda\/wp-json\/wp\/v2\/product_cat?post=6701"},{"taxonomy":"product_tag","embeddable":true,"href":"https:\/\/larrydance.com\/tienda\/wp-json\/wp\/v2\/product_tag?post=6701"}],"curies":[{"name":"wp","href":"https:\/\/api.w.org\/{rel}","templated":true}]}}